{"id":139,"date":"2019-10-17T07:41:19","date_gmt":"2019-10-17T05:41:19","guid":{"rendered":"http:\/\/diet.nc\/?page_id=139"},"modified":"2019-10-28T23:32:09","modified_gmt":"2019-10-28T22:32:09","slug":"le-medecin-nutritionniste","status":"publish","type":"page","link":"http:\/\/diet.nc\/?page_id=139","title":{"rendered":"Le m\u00e9decin nutritionniste"},"content":{"rendered":"\n<p><strong>Le m\u00e9decin nutritionniste<\/strong> et <strong>l&rsquo;endocrinologue<\/strong> sont aussi des experts en alimentation et nutrition. Dot\u00e9s d&rsquo;une formation de type DESC1 en Nutrition, ils diagnostiquent et prennent en charge des troubles nutritionnels, adaptent les traitements n\u00e9cessaires (hyper ou hypothyroide, diab\u00e8te, ob\u00e9sit\u00e9, surpoids&#8230;).&nbsp;<\/p>\n","protected":false},"excerpt":{"rendered":"<p>Le m\u00e9decin nutritionniste et l&rsquo;endocrinologue sont aussi des experts en alimentation et nutrition. Dot\u00e9s d&rsquo;une formation de type DESC1 en Nutrition, ils diagnostiquent et prennent en charge des troubles nutritionnels, adaptent les traitements n\u00e9cessaires (hyper ou hypothyroide, diab\u00e8te, ob\u00e9sit\u00e9, surpoids&#8230;).&nbsp;<\/p>\n","protected":false},"author":3,"featured_media":0,"parent":2,"menu_order":3,"comment_status":"closed","ping_status":"closed","template":"onecolumn-page.php","meta":{"footnotes":""},"class_list":["post-139","page","type-page","status-publish","hentry"],"_links":{"self":[{"href":"http:\/\/diet.nc\/index.php?rest_route=\/wp\/v2\/pages\/139","targetHints":{"allow":["GET"]}}],"collection":[{"href":"http:\/\/diet.nc\/index.php?rest_route=\/wp\/v2\/pages"}],"about":[{"href":"http:\/\/diet.nc\/index.php?rest_route=\/wp\/v2\/types\/page"}],"author":[{"embeddable":true,"href":"http:\/\/diet.nc\/index.php?rest_route=\/wp\/v2\/users\/3"}],"replies":[{"embeddable":true,"href":"http:\/\/diet.nc\/index.php?rest_route=%2Fwp%2Fv2%2Fcomments&post=139"}],"version-history":[{"count":0,"href":"http:\/\/diet.nc\/index.php?rest_route=\/wp\/v2\/pages\/139\/revisions"}],"up":[{"embeddable":true,"href":"http:\/\/diet.nc\/index.php?rest_route=\/wp\/v2\/pages\/2"}],"wp:attachment":[{"href":"http:\/\/diet.nc\/index.php?rest_route=%2Fwp%2Fv2%2Fmedia&parent=139"}],"curies":[{"name":"wp","href":"https:\/\/api.w.org\/{rel}","templated":true}]}}